{"id":27,"date":"2014-03-15T10:05:57","date_gmt":"2014-03-15T10:05:57","guid":{"rendered":"http:\/\/french.ensuringweremember.org.uk\/?page_id=27"},"modified":"2014-08-03T12:00:48","modified_gmt":"2014-08-03T12:00:48","slug":"who-are-we","status":"publish","type":"page","link":"https:\/\/french.ensuringweremember.org.uk\/?page_id=27","title":{"rendered":"Qui Sommes Nous?"},"content":{"rendered":"<p>\u201cEnsuring We Remember\u201d est organis\u00e9 par des Partenaires d\u2019organisations Strat\u00e9giques, coordonn\u00e9s par le <em>Chinese in Britain Forum<\/em>, une charit\u00e9 enregistr\u00e9e (num\u00e9ro 1096542).<\/p>\n<p>Les Partenaires Strat\u00e9giques sont:<\/p>\n<p>British Chinese Project<br \/>\nChinese for Labour<br \/>\nChinese Information and Advice Centre<br \/>\nChinese Liberal Democrats<br \/>\nConservative Friends of the Chinese<br \/>\nHerald UK<br \/>\nShandong Association (UK)<\/p>\n","protected":false},"excerpt":{"rendered":"<p>\u201cEnsuring We Remember\u201d est organis\u00e9 par des Partenaires d\u2019organisations Strat\u00e9giques, coordonn\u00e9s par le Chinese in Britain Forum, une charit\u00e9 enregistr\u00e9e (num\u00e9ro 1096542). Les Partenaires Strat\u00e9giques sont: British Chinese Project Chinese for Labour Chinese Information and Advice Centre Chinese Liberal Democrats&#8230;<\/p>\n","protected":false},"author":1,"featured_media":0,"parent":0,"menu_order":0,"comment_status":"open","ping_status":"open","template":"","meta":{"footnotes":""},"class_list":["post-27","page","type-page","status-publish","hentry"],"yoast_head":"<!-- This site is optimized with the Yoast SEO plugin v27.3 - https:\/\/yoast.com\/product\/yoast-seo-wordpress\/ -->\n<title>Qui Sommes Nous? - Ensuring We Remember<\/title>\n<meta name=\"robots\" content=\"index, follow, max-snippet:-1, max-image-preview:large, max-video-preview:-1\" \/>\n<link rel=\"canonical\" href=\"http:\/\/french.ensuringweremember.org.uk\/?page_id=27\" \/>\n<meta property=\"og:locale\" content=\"en_US\" \/>\n<meta property=\"og:type\" content=\"article\" \/>\n<meta property=\"og:title\" content=\"Qui Sommes Nous? - Ensuring We Remember\" \/>\n<meta property=\"og:description\" content=\"\u201cEnsuring We Remember\u201d est organis\u00e9 par des Partenaires d\u2019organisations Strat\u00e9giques, coordonn\u00e9s par le Chinese in Britain Forum, une charit\u00e9 enregistr\u00e9e (num\u00e9ro 1096542). Les Partenaires Strat\u00e9giques sont: British Chinese Project Chinese for Labour Chinese Information and Advice Centre Chinese Liberal Democrats...\" \/>\n<meta property=\"og:url\" content=\"http:\/\/french.ensuringweremember.org.uk\/?page_id=27\" \/>\n<meta property=\"og:site_name\" content=\"Ensuring We Remember\" \/>\n<meta property=\"article:modified_time\" content=\"2014-08-03T12:00:48+00:00\" \/>\n<meta name=\"twitter:card\" content=\"summary_large_image\" \/>\n<script type=\"application\/ld+json\" class=\"yoast-schema-graph\">{\"@context\":\"https:\\\/\\\/schema.org\",\"@graph\":[{\"@type\":\"WebPage\",\"@id\":\"http:\\\/\\\/french.ensuringweremember.org.uk\\\/?page_id=27\",\"url\":\"http:\\\/\\\/french.ensuringweremember.org.uk\\\/?page_id=27\",\"name\":\"Qui Sommes Nous? - Ensuring We Remember\",\"isPartOf\":{\"@id\":\"http:\\\/\\\/french.ensuringweremember.org.uk\\\/#website\"},\"datePublished\":\"2014-03-15T10:05:57+00:00\",\"dateModified\":\"2014-08-03T12:00:48+00:00\",\"breadcrumb\":{\"@id\":\"http:\\\/\\\/french.ensuringweremember.org.uk\\\/?page_id=27#breadcrumb\"},\"inLanguage\":\"en-US\",\"potentialAction\":[{\"@type\":\"ReadAction\",\"target\":[\"http:\\\/\\\/french.ensuringweremember.org.uk\\\/?page_id=27\"]}]},{\"@type\":\"BreadcrumbList\",\"@id\":\"http:\\\/\\\/french.ensuringweremember.org.uk\\\/?page_id=27#breadcrumb\",\"itemListElement\":[{\"@type\":\"ListItem\",\"position\":1,\"name\":\"Home\",\"item\":\"http:\\\/\\\/french.ensuringweremember.org.uk\\\/\"},{\"@type\":\"ListItem\",\"position\":2,\"name\":\"Qui Sommes Nous?\"}]},{\"@type\":\"WebSite\",\"@id\":\"http:\\\/\\\/french.ensuringweremember.org.uk\\\/#website\",\"url\":\"http:\\\/\\\/french.ensuringweremember.org.uk\\\/\",\"name\":\"Ensuring We Remember\",\"description\":\"La Campagne Nationale pour la Comm\u00e9moration Permanente du \u2018Chinese Labour Corps\u2019\",\"potentialAction\":[{\"@type\":\"SearchAction\",\"target\":{\"@type\":\"EntryPoint\",\"urlTemplate\":\"http:\\\/\\\/french.ensuringweremember.org.uk\\\/?s={search_term_string}\"},\"query-input\":{\"@type\":\"PropertyValueSpecification\",\"valueRequired\":true,\"valueName\":\"search_term_string\"}}],\"inLanguage\":\"en-US\"}]}<\/script>\n<!-- \/ Yoast SEO plugin. -->","yoast_head_json":{"title":"Qui Sommes Nous? - Ensuring We Remember","robots":{"index":"index","follow":"follow","max-snippet":"max-snippet:-1","max-image-preview":"max-image-preview:large","max-video-preview":"max-video-preview:-1"},"canonical":"http:\/\/french.ensuringweremember.org.uk\/?page_id=27","og_locale":"en_US","og_type":"article","og_title":"Qui Sommes Nous? - Ensuring We Remember","og_description":"\u201cEnsuring We Remember\u201d est organis\u00e9 par des Partenaires d\u2019organisations Strat\u00e9giques, coordonn\u00e9s par le Chinese in Britain Forum, une charit\u00e9 enregistr\u00e9e (num\u00e9ro 1096542). Les Partenaires Strat\u00e9giques sont: British Chinese Project Chinese for Labour Chinese Information and Advice Centre Chinese Liberal Democrats...","og_url":"http:\/\/french.ensuringweremember.org.uk\/?page_id=27","og_site_name":"Ensuring We Remember","article_modified_time":"2014-08-03T12:00:48+00:00","twitter_card":"summary_large_image","schema":{"@context":"https:\/\/schema.org","@graph":[{"@type":"WebPage","@id":"http:\/\/french.ensuringweremember.org.uk\/?page_id=27","url":"http:\/\/french.ensuringweremember.org.uk\/?page_id=27","name":"Qui Sommes Nous? - Ensuring We Remember","isPartOf":{"@id":"http:\/\/french.ensuringweremember.org.uk\/#website"},"datePublished":"2014-03-15T10:05:57+00:00","dateModified":"2014-08-03T12:00:48+00:00","breadcrumb":{"@id":"http:\/\/french.ensuringweremember.org.uk\/?page_id=27#breadcrumb"},"inLanguage":"en-US","potentialAction":[{"@type":"ReadAction","target":["http:\/\/french.ensuringweremember.org.uk\/?page_id=27"]}]},{"@type":"BreadcrumbList","@id":"http:\/\/french.ensuringweremember.org.uk\/?page_id=27#breadcrumb","itemListElement":[{"@type":"ListItem","position":1,"name":"Home","item":"http:\/\/french.ensuringweremember.org.uk\/"},{"@type":"ListItem","position":2,"name":"Qui Sommes Nous?"}]},{"@type":"WebSite","@id":"http:\/\/french.ensuringweremember.org.uk\/#website","url":"http:\/\/french.ensuringweremember.org.uk\/","name":"Ensuring We Remember","description":"La Campagne Nationale pour la Comm\u00e9moration Permanente du \u2018Chinese Labour Corps\u2019","potentialAction":[{"@type":"SearchAction","target":{"@type":"EntryPoint","urlTemplate":"http:\/\/french.ensuringweremember.org.uk\/?s={search_term_string}"},"query-input":{"@type":"PropertyValueSpecification","valueRequired":true,"valueName":"search_term_string"}}],"inLanguage":"en-US"}]}},"_links":{"self":[{"href":"https:\/\/french.ensuringweremember.org.uk\/index.php?rest_route=\/wp\/v2\/pages\/27","targetHints":{"allow":["GET"]}}],"collection":[{"href":"https:\/\/french.ensuringweremember.org.uk\/index.php?rest_route=\/wp\/v2\/pages"}],"about":[{"href":"https:\/\/french.ensuringweremember.org.uk\/index.php?rest_route=\/wp\/v2\/types\/page"}],"author":[{"embeddable":true,"href":"https:\/\/french.ensuringweremember.org.uk\/index.php?rest_route=\/wp\/v2\/users\/1"}],"replies":[{"embeddable":true,"href":"https:\/\/french.ensuringweremember.org.uk\/index.php?rest_route=%2Fwp%2Fv2%2Fcomments&post=27"}],"version-history":[{"count":5,"href":"https:\/\/french.ensuringweremember.org.uk\/index.php?rest_route=\/wp\/v2\/pages\/27\/revisions"}],"predecessor-version":[{"id":109,"href":"https:\/\/french.ensuringweremember.org.uk\/index.php?rest_route=\/wp\/v2\/pages\/27\/revisions\/109"}],"wp:attachment":[{"href":"https:\/\/french.ensuringweremember.org.uk\/index.php?rest_route=%2Fwp%2Fv2%2Fmedia&parent=27"}],"curies":[{"name":"wp","href":"https:\/\/api.w.org\/{rel}","templated":true}]}}