{"id":17,"date":"2014-03-15T10:02:48","date_gmt":"2014-03-15T10:02:48","guid":{"rendered":"http:\/\/french.ensuringweremember.org.uk\/?page_id=17"},"modified":"2014-03-16T14:00:53","modified_gmt":"2014-03-16T14:00:53","slug":"the-campaign","status":"publish","type":"page","link":"https:\/\/french.ensuringweremember.org.uk\/?page_id=17","title":{"rendered":"La Campagne"},"content":{"rendered":"<p>Lorsque nous comm\u00e9morons le centenariat de la Premi\u00e8re Guerre Mondiale, les histoires qui ont \u00e9t\u00e9 carr\u00e9ment oubli\u00e9es, refont surface. Telle est l\u2019histoire du \u2018Chinese Labour Corps\u2019 \u2013 une force de 134,353 volontaires. La contribution de ces hommes a habituellement \u00e9t\u00e9 n\u00e9glig\u00e9e ou relegu\u00e9e \u00e0 une note de bas page en histoire. Ces hommes m\u00e9ritent beaucoup mieux, et sans oublier que la promesse de notre nation doit \u00eatre appliqu\u00e9e \u00e0 eux aussi comme \u00e0 n\u2019importe qui. Rejoignez-nous dans notre campagne pour une comm\u00e9moration nationale pour ces hommes.<\/p>\n<p><a href=\"https:\/\/french.ensuringweremember.org.uk\/?page_id=19\" title=\"The Full Story\">Lisez l\u2019histoire complete du \u2018Chinese Labour Corps\u2019<\/a><\/p>\n","protected":false},"excerpt":{"rendered":"<p>Lorsque nous comm\u00e9morons le centenariat de la Premi\u00e8re Guerre Mondiale, les histoires qui ont \u00e9t\u00e9 carr\u00e9ment oubli\u00e9es, refont surface. Telle est l\u2019histoire du \u2018Chinese Labour Corps\u2019 \u2013 une force de 134,353 volontaires. La contribution de ces hommes a habituellement \u00e9t\u00e9&#8230;<\/p>\n","protected":false},"author":1,"featured_media":0,"parent":0,"menu_order":0,"comment_status":"open","ping_status":"open","template":"","meta":{"footnotes":""},"class_list":["post-17","page","type-page","status-publish","hentry"],"yoast_head":"<!-- This site is optimized with the Yoast SEO plugin v27.3 - https:\/\/yoast.com\/product\/yoast-seo-wordpress\/ -->\n<title>La Campagne - Ensuring We Remember<\/title>\n<meta name=\"robots\" content=\"index, follow, max-snippet:-1, max-image-preview:large, max-video-preview:-1\" \/>\n<link rel=\"canonical\" href=\"http:\/\/french.ensuringweremember.org.uk\/?page_id=17\" \/>\n<meta property=\"og:locale\" content=\"en_US\" \/>\n<meta property=\"og:type\" content=\"article\" \/>\n<meta property=\"og:title\" content=\"La Campagne - Ensuring We Remember\" \/>\n<meta property=\"og:description\" content=\"Lorsque nous comm\u00e9morons le centenariat de la Premi\u00e8re Guerre Mondiale, les histoires qui ont \u00e9t\u00e9 carr\u00e9ment oubli\u00e9es, refont surface. Telle est l\u2019histoire du \u2018Chinese Labour Corps\u2019 \u2013 une force de 134,353 volontaires. La contribution de ces hommes a habituellement \u00e9t\u00e9...\" \/>\n<meta property=\"og:url\" content=\"http:\/\/french.ensuringweremember.org.uk\/?page_id=17\" \/>\n<meta property=\"og:site_name\" content=\"Ensuring We Remember\" \/>\n<meta property=\"article:modified_time\" content=\"2014-03-16T14:00:53+00:00\" \/>\n<meta name=\"twitter:card\" content=\"summary_large_image\" \/>\n<meta name=\"twitter:label1\" content=\"Est. reading time\" \/>\n\t<meta name=\"twitter:data1\" content=\"1 minute\" \/>\n<script type=\"application\/ld+json\" class=\"yoast-schema-graph\">{\"@context\":\"https:\\\/\\\/schema.org\",\"@graph\":[{\"@type\":\"WebPage\",\"@id\":\"http:\\\/\\\/french.ensuringweremember.org.uk\\\/?page_id=17\",\"url\":\"http:\\\/\\\/french.ensuringweremember.org.uk\\\/?page_id=17\",\"name\":\"La Campagne - Ensuring We Remember\",\"isPartOf\":{\"@id\":\"http:\\\/\\\/french.ensuringweremember.org.uk\\\/#website\"},\"datePublished\":\"2014-03-15T10:02:48+00:00\",\"dateModified\":\"2014-03-16T14:00:53+00:00\",\"breadcrumb\":{\"@id\":\"http:\\\/\\\/french.ensuringweremember.org.uk\\\/?page_id=17#breadcrumb\"},\"inLanguage\":\"en-US\",\"potentialAction\":[{\"@type\":\"ReadAction\",\"target\":[\"http:\\\/\\\/french.ensuringweremember.org.uk\\\/?page_id=17\"]}]},{\"@type\":\"BreadcrumbList\",\"@id\":\"http:\\\/\\\/french.ensuringweremember.org.uk\\\/?page_id=17#breadcrumb\",\"itemListElement\":[{\"@type\":\"ListItem\",\"position\":1,\"name\":\"Home\",\"item\":\"http:\\\/\\\/french.ensuringweremember.org.uk\\\/\"},{\"@type\":\"ListItem\",\"position\":2,\"name\":\"La Campagne\"}]},{\"@type\":\"WebSite\",\"@id\":\"http:\\\/\\\/french.ensuringweremember.org.uk\\\/#website\",\"url\":\"http:\\\/\\\/french.ensuringweremember.org.uk\\\/\",\"name\":\"Ensuring We Remember\",\"description\":\"La Campagne Nationale pour la Comm\u00e9moration Permanente du \u2018Chinese Labour Corps\u2019\",\"potentialAction\":[{\"@type\":\"SearchAction\",\"target\":{\"@type\":\"EntryPoint\",\"urlTemplate\":\"http:\\\/\\\/french.ensuringweremember.org.uk\\\/?s={search_term_string}\"},\"query-input\":{\"@type\":\"PropertyValueSpecification\",\"valueRequired\":true,\"valueName\":\"search_term_string\"}}],\"inLanguage\":\"en-US\"}]}<\/script>\n<!-- \/ Yoast SEO plugin. -->","yoast_head_json":{"title":"La Campagne - Ensuring We Remember","robots":{"index":"index","follow":"follow","max-snippet":"max-snippet:-1","max-image-preview":"max-image-preview:large","max-video-preview":"max-video-preview:-1"},"canonical":"http:\/\/french.ensuringweremember.org.uk\/?page_id=17","og_locale":"en_US","og_type":"article","og_title":"La Campagne - Ensuring We Remember","og_description":"Lorsque nous comm\u00e9morons le centenariat de la Premi\u00e8re Guerre Mondiale, les histoires qui ont \u00e9t\u00e9 carr\u00e9ment oubli\u00e9es, refont surface. Telle est l\u2019histoire du \u2018Chinese Labour Corps\u2019 \u2013 une force de 134,353 volontaires. La contribution de ces hommes a habituellement \u00e9t\u00e9...","og_url":"http:\/\/french.ensuringweremember.org.uk\/?page_id=17","og_site_name":"Ensuring We Remember","article_modified_time":"2014-03-16T14:00:53+00:00","twitter_card":"summary_large_image","twitter_misc":{"Est. reading time":"1 minute"},"schema":{"@context":"https:\/\/schema.org","@graph":[{"@type":"WebPage","@id":"http:\/\/french.ensuringweremember.org.uk\/?page_id=17","url":"http:\/\/french.ensuringweremember.org.uk\/?page_id=17","name":"La Campagne - Ensuring We Remember","isPartOf":{"@id":"http:\/\/french.ensuringweremember.org.uk\/#website"},"datePublished":"2014-03-15T10:02:48+00:00","dateModified":"2014-03-16T14:00:53+00:00","breadcrumb":{"@id":"http:\/\/french.ensuringweremember.org.uk\/?page_id=17#breadcrumb"},"inLanguage":"en-US","potentialAction":[{"@type":"ReadAction","target":["http:\/\/french.ensuringweremember.org.uk\/?page_id=17"]}]},{"@type":"BreadcrumbList","@id":"http:\/\/french.ensuringweremember.org.uk\/?page_id=17#breadcrumb","itemListElement":[{"@type":"ListItem","position":1,"name":"Home","item":"http:\/\/french.ensuringweremember.org.uk\/"},{"@type":"ListItem","position":2,"name":"La Campagne"}]},{"@type":"WebSite","@id":"http:\/\/french.ensuringweremember.org.uk\/#website","url":"http:\/\/french.ensuringweremember.org.uk\/","name":"Ensuring We Remember","description":"La Campagne Nationale pour la Comm\u00e9moration Permanente du \u2018Chinese Labour Corps\u2019","potentialAction":[{"@type":"SearchAction","target":{"@type":"EntryPoint","urlTemplate":"http:\/\/french.ensuringweremember.org.uk\/?s={search_term_string}"},"query-input":{"@type":"PropertyValueSpecification","valueRequired":true,"valueName":"search_term_string"}}],"inLanguage":"en-US"}]}},"_links":{"self":[{"href":"https:\/\/french.ensuringweremember.org.uk\/index.php?rest_route=\/wp\/v2\/pages\/17","targetHints":{"allow":["GET"]}}],"collection":[{"href":"https:\/\/french.ensuringweremember.org.uk\/index.php?rest_route=\/wp\/v2\/pages"}],"about":[{"href":"https:\/\/french.ensuringweremember.org.uk\/index.php?rest_route=\/wp\/v2\/types\/page"}],"author":[{"embeddable":true,"href":"https:\/\/french.ensuringweremember.org.uk\/index.php?rest_route=\/wp\/v2\/users\/1"}],"replies":[{"embeddable":true,"href":"https:\/\/french.ensuringweremember.org.uk\/index.php?rest_route=%2Fwp%2Fv2%2Fcomments&post=17"}],"version-history":[{"count":3,"href":"https:\/\/french.ensuringweremember.org.uk\/index.php?rest_route=\/wp\/v2\/pages\/17\/revisions"}],"predecessor-version":[{"id":89,"href":"https:\/\/french.ensuringweremember.org.uk\/index.php?rest_route=\/wp\/v2\/pages\/17\/revisions\/89"}],"wp:attachment":[{"href":"https:\/\/french.ensuringweremember.org.uk\/index.php?rest_route=%2Fwp%2Fv2%2Fmedia&parent=17"}],"curies":[{"name":"wp","href":"https:\/\/api.w.org\/{rel}","templated":true}]}}